omposite?
False
Is 1501139 a composite number?
False
Is 1612770299 composite?
True
Is 442247207 prime?
True
Is 4815101 a composite number?
False
Is 703922041 a prime number?
False
Is 5636221 prime?
False
Is 47152613 a prime number?
True
Is 69776981 prime?
True
Is 4081769 a composite number?
True
Is 2081594 composite?
True
Is 138742927 a prime number?
False
Is 2453861 composite?
False
Is 2421559 prime?
False
Is 14200757 composite?
False
Is 5345023 a composite number?
True
Is 2441651 a composite number?
True
Is 222773 composite?
False
Is 878489 prime?
True
Is 44363623 a prime number?
False
Is 91364759 composite?
False
Is 48713297 a composite number?
False
Is 26190661 prime?
False
Is 193960651 a prime number?
True
Is 691309 a composite number?
False
Is 102733903 composite?
True
Is 5464322 a prime number?
False
Is 14566438 a composite number?
True
Is 44798569 a prime number?
True
Is 92987 composite?
False
Is 4330013 a prime number?
True
Is 2816483 composite?
True
Is 96472765 a prime number?
False
Is 79179913 a prime number?
False
Is 226759399 a composite number?
False
Is 19896901 a composite number?
False
Is 5733197 a composite number?
True
Is 72268567 composite?
True
Is 790403297 a composite number?
False
Is 8525507 composite?
True
Is 36372713 a composite number?
True
Is 49263673 a composite number?
True
Is 2014951 a prime number?
True
Is 6102353 a composite number?
False
Is 30320357 a composite number?
True
Is 679123 a composite number?
False
Is 199838647 a prime number?
True
Is 2197009 a prime number?
False
Is 1677961 prime?
True
Is 3315701 composite?
False
Is 5967547 a prime number?
True
Is 139750561 prime?
True
Is 247829299 a composite number?
True
Is 8850679 a composite number?
True
Is 12291457 a composite number?
True
Is 27289597 a composite number?
False
Is 12325303 a composite number?
True
Is 82276547 composite?
False
Is 37921063 composite?
False
Is 14514217 prime?
True
Is 798940567 a prime number?
True
Is 19397557 a composite number?
True
Is 4535657 prime?
False
Is 4077119 a composite number?
True
Is 927791 a composite number?
False
Is 82638273 composite?
True
Is 136874539 prime?
True
Is 136726703 a prime number?
True
Is 404962039 composite?
True
Is 2899321 a composite number?
False
Is 6401821 prime?
False
Is 15730859 composite?
False
Is 15020821 a composite number?
True
Is 572317 a prime number?
False
Is 367291 a prime number?
False
Is 18672989 prime?
False
Is 4780033 prime?
True
Is 12945307 composite?
False
Is 153327277 a composite number?
False
Is 2747851 prime?
True
Is 5858891 a prime number?
False
Is 47616773 composite?
False
Is 5455833 a composite number?
True
Is 474736267 a composite number?
False
Is 181009 prime?
False
Is 40681501 a composite number?
True
Is 37425851 a prime number?
True
Is 7441449 composite?
True
Is 6424057 a prime number?
True
Is 1209419 composite?
True
Is 12672587 a composite number?
False
Is 89130623 a prime number?
True
Is 1510615609 prime?
True
Is 2890829 a composite number?
True
Is 86566853 a prime number?
True
Is 3579593 a prime number?
False
Is 3263462 a prime number?
False
Is 89267707 prime?
False
Is 9343627 composite?
False
Is 90990197 composite?
True
Is 107136371 a prime number?
True
Is 13752601 a composite number?
True
Is 233069 a composite number?
False
Is 122922641 composite?
False
Is 931340785 prime?
False
Is 7458401 a composite number?
True
Is 1442591 a prime number?
True
Is 3283493 a composite number?
False
Is 621135527 prime?
False
Is 52142333 composite?
False
Is 21925831 a composite number?
True
Is 392039 a prime number?
False
Is 82601413 a prime number?
False
Is 3979247 a prime number?
True
Is 1546939 composite?
False
Is 7491493 a prime number?
True
Is 7186299 prime?
False
Is 8097637 a composite number?
False
Is 100925809 a composite number?
False
Is 940289 a prime number?
False
Is 566413 prime?
True
Is 4337155 prime?
False
Is 24554653 a composite number?
False
Is 10259627 prime?
False
Is 12594353 a prime number?
True
Is 848089505 a composite number?
True
Is 54013681 a prime number?
True
Is 92908877 composite?
True
Is 1289231 a prime number?
True
Is 3105413 composite?
False
Is 33800773 a composite number?
True
Is 159149785 a composite number?
True
Is 56237317 composite?
True
Is 5847199 composite?
False
Is 883448869 a prime number?
True
Is 25210063 composite?
True
Is 4780751 prime?
True
Is 429797257 a prime number?
True
Is 442397 prime?
True
Is 27614303 composite?
False
Is 609359323 composite?
False
Is 297481 prime?
True
Is 4012133 prime?
True
Is 3744815 a composite number?
True
Is 69169 prime?
False
Is 48518513 composite?
False
Is 35777395 composite?
True
Is 3644457 composite?
True
Is 401295569 a composite number?
False
Is 85442471 prime?
True
Is 42656827 a composite number?
False
Is 24771217 composite?
False
Is 4495683 a composite number?
True
Is 646609 a prime number?
True
Is 7342297 composite?
False
Is 9278371 a composite number?
True
Is 231289 prime?
True
Is 39946289 composite?
True
Is 5022167 a composite number?
False
Is 21508103 a prime number?
False
Is 121881013 composite?
False
Is 3524891 composite?
False
Is 117383897 a composite number?
True
Is 16627231 prime?
True
Is 465037067 a composite number?
True
Is 3012751 a prime number?
False
Is 30588331 composite?
True
Is 417283 a prime number?
True
Is 69856469 a prime number?
True
Is 21042449 a composite number?
False
Is 13929379 composite?
True
Is 89466401 prime?
False
Is 88962833 composite?
False
Is 615189 a prime number?
False
Is 391969 a prime number?
False
Is 247800847 a composite number?
True
Is 4083173 prime?
False
Is 842551 prime?
True
Is 385613 prime?
False
Is 52835383 a prime number?
True
Is 406247509 composite?
True
Is 150887459 a composite number?
False
Is 8529293 composite?
False
Is 14197241 a composite number?
True
Is 177819185 a composite number?
True
Is 19911389 prime?
True
Is 196624691 a prime number?
True
Is 757651 composite?
False
Is 43559749 a prime number?
True
Is 35467141 prime?
True
Is 8412367 prime?
True
Is 474364979 a composite number?
True
Is 13921423 composite?
False
Is 63481729 a prime number?
True
Is 74777909 prime?
True
Is 800231 composite?
False
Is 9332447 a composite number?
False
Is 43797599 composite?
False
Is 282017 composite?
True
Is 261262429 a composite number?
True
Is 449392679 a prime number?
False
Is 729096457 a prime number?
True
Is 1823903 prime?
True
Is 36193649 composite?
True
Is 5055097 a composite number?
True
Is 902033 a composite number?
True
Is 9623347 a composite number?
False
Is 9780971 composite?
False
Is 15726079 prime?
True
Is 4506079 a prime number?
False
Is 142187 composite?
True
Is 3177649 composite?
False
Is 79119707 a composite number?
False
Is 8576641 composite?
False
Is 389476502 a prime number?
False
Is 324393887 prime?
True
Is 4619353 a prime number?
True
Is 114420577 a composite number?
True
Is 8841941 a composite number?
False
Is 309769 a prime number?
True
Is 84835099 composite?
False
Is 98506207 composite?
False
Is 5083798 prime?
False
Is 45957971 a prime number?
True
Is 63651221 a prime number?
False
Is 9582409 composite?
False
Is 579627907 composite?
False
Is 93169 a prime number?
True
Is 128881999 composite?
False
Is 8078171 a prime number?
False
Is 2587531 a prime number?
True
Is 534194 prime?
False
Is 1801955 a composite number?
True
Is 1396279 composite?
True
Is 127983553 a composite number?
False
Is 36477617 a prime number?
False
Is 22995619 a prime number?
True
Is 272914903 prime?
False
Is 13261561 composite?
True
Is 81870857 prime?
False
Is 3073517 prime?
True
Is 102125813 composite?
False
Is 1430519 prime?
False
Is 3298699 a prime number?
True
Is 3972329 composite?
False
Is 124526846 a composite number?
True
Is 126540122 a composite number?
True
Is 10852637 prime?
False
Is 13700749 a composite number?
True
Is 12642263 a composite number?
False
Is 24934919 composite?
True
Is 5388413 composite?
True
Is 2720071 a composite number?
False
Is 52804117 a composite number?
False
Is 233183 composite?
False
Is 16383539 prime?
True
Is 8155897 a composite number?
False
Is 7375843 composite?
False
Is 123744773 a prime number?
False
Is 87502067 composite?
True
Is 7666151 a prime number?
True
Is 6006229 prime?
True
Is 14369 a composite number?
False
Is 31378117 a prime num